{"id":2020,"date":"2025-05-05T11:31:26","date_gmt":"2025-05-05T17:31:26","guid":{"rendered":"https:\/\/asipagac.com\/?page_id=2020"},"modified":"2025-05-05T11:36:39","modified_gmt":"2025-05-05T17:36:39","slug":"dra-ericka-vargas-quevedo","status":"publish","type":"page","link":"https:\/\/asipagac.com\/en\/dra-ericka-vargas-quevedo\/","title":{"rendered":"Dra. Ericka Vargas Quevedo"},"content":{"rendered":"<div data-elementor-type=\"wp-page\" data-elementor-id=\"2020\" class=\"elementor elementor-2020\">\n\t\t\t\t<div class=\"elementor-element elementor-element-096f19f e-con-full e-flex e-con e-parent\" data-id=\"096f19f\" data-element_type=\"container\">\n\t\t\t\t<div class=\"elementor-element elementor-element-8e30c5c el-align-center elementor-widget elementor-widget-dl_page_header\" data-id=\"8e30c5c\" data-element_type=\"widget\" data-widget_type=\"dl_page_header.default\">\n\t\t\t\t<div class=\"elementor-widget-container\">\n\t\t\t\t\t\t\t<div class=\"el-page-header\">\r\n\t\t\t\t\t\t<div class=\"container-fluid\">\r\n\t\t\t\t<div class=\"el-ph-content\">\r\n\t\t\t\t\t<h2>Dra. Ericka Vargas Quevedo<\/h2>\t\t\t\t\t\t\t\t\t\t\t\t\t\t\t<ol class=\"breadcrumb-wrap\">\r\n\t\t\t\t\t\t<li><a href=\"https:\/\/asipagac.com\/en\/\">\r\n\t\t\t\t\t\t<i class=\"ti-home\"><\/i>Home\t\t\t\t\t\t<\/a><\/li>\r\n\t\t\t\t\t\t<li class=\"active\">\r\n\t\t\t\t\t\tDra. Ericka Vargas Quevedo\t\t\t\t\t\t<\/li>\r\n\t\t\t\t\t<\/ol>\r\n\t\t\t\t\t\t\t\t\t<\/div>\r\n\t\t\t<\/div>\r\n\t\t<\/div>\r\n\t\t\t\t\t\t<\/div>\n\t\t\t\t<\/div>\n\t\t\t\t<\/div>\n\t\t<div class=\"elementor-element elementor-element-44a4c90 e-flex e-con-boxed e-con e-parent\" data-id=\"44a4c90\" data-element_type=\"container\">\n\t\t\t\t\t<div class=\"e-con-inner\">\n\t\t<div class=\"elementor-element elementor-element-cde6b19 e-con-full e-flex e-con e-child\" data-id=\"cde6b19\" data-element_type=\"container\">\n\t\t\t\t<div class=\"elementor-element elementor-element-8c29792 elementor-widget elementor-widget-image\" data-id=\"8c29792\" data-element_type=\"widget\" data-widget_type=\"image.default\">\n\t\t\t\t<div class=\"elementor-widget-container\">\n\t\t\t\t\t\t\t\t\t\t\t\t\t\t\t<img fetchpriority=\"high\" decoding=\"async\" width=\"785\" height=\"1024\" src=\"https:\/\/asipagac.com\/wp-content\/uploads\/2025\/05\/Dra-Erika-Vargas-785x1024.jpg\" class=\"attachment-large size-large wp-image-2009\" alt=\"\" srcset=\"https:\/\/asipagac.com\/wp-content\/uploads\/2025\/05\/Dra-Erika-Vargas-785x1024.jpg 785w, https:\/\/asipagac.com\/wp-content\/uploads\/2025\/05\/Dra-Erika-Vargas-230x300.jpg 230w, https:\/\/asipagac.com\/wp-content\/uploads\/2025\/05\/Dra-Erika-Vargas-768x1002.jpg 768w, https:\/\/asipagac.com\/wp-content\/uploads\/2025\/05\/Dra-Erika-Vargas-9x12.jpg 9w, https:\/\/asipagac.com\/wp-content\/uploads\/2025\/05\/Dra-Erika-Vargas.jpg 828w\" sizes=\"(max-width: 785px) 100vw, 785px\" \/>\t\t\t\t\t\t\t\t\t\t\t\t\t\t\t<\/div>\n\t\t\t\t<\/div>\n\t\t\t\t<\/div>\n\t\t<div class=\"elementor-element elementor-element-aadb564 e-con-full e-flex e-con e-child\" data-id=\"aadb564\" data-element_type=\"container\">\n\t\t\t\t<div class=\"elementor-element elementor-element-facd52e elementor-widget elementor-widget-text-editor\" data-id=\"facd52e\" data-element_type=\"widget\" data-widget_type=\"text-editor.default\">\n\t\t\t\t<div class=\"elementor-widget-container\">\n\t\t\t\t\t\t\t\t\t<p>Es M\u00e9dico Pediatra Internista (Instituto Nacional de Pediatr\u00eda)<\/p><p><br \/>Maestria en Ciencias de la Salud y Especializacion en Investigaci\u00f3n (Instituto Polit\u00e9cnico Nacional)<\/p><p><br \/>Master Universitario en Enfermedades Metabolicas Hereditarias (Universidad de Santiago de Compostela).<\/p><p><br \/>Master en Enfermedades de Dep\u00f3sito Lisosomal (Unidad de Investigaci\u00f3n Traslacional, Instituto Aragon\u00e9s de Ciencias de la Salud, Madrid, Espa\u00f1a).<br \/>MPS, Fabry y Gaucher Disease (Training Certification of FYMCA Medical ltd, Panam\u00e1 City (2017-2019).<\/p><p><br \/>Participa c\u00f3mo speaker en diversos eventos cient\u00edficos, cuenta con diversas publicaciones nacionales e internacionales y diversos cap\u00edtulos en el area de las enfermedades raras y enfermedades metab\u00f3licas. Actualmente es Fundadora y Coordinadora de la Cl\u00ednica de Errores Innatos del Metabolismo Pedi\u00e1tricos y Enfermedades Raras del ISSSTE a nivel nacional, d\u00e1ndole atenci\u00f3n integral a este tipo de enfermedades.<\/p>\t\t\t\t\t\t\t\t<\/div>\n\t\t\t\t<\/div>\n\t\t\t\t<\/div>\n\t\t\t\t\t<\/div>\n\t\t\t\t<\/div>\n\t\t<div class=\"elementor-element elementor-element-ff349e3 e-flex e-con-boxed e-con e-parent\" data-id=\"ff349e3\" data-element_type=\"container\">\n\t\t\t\t\t<div class=\"e-con-inner\">\n\t\t\t\t\t<\/div>\n\t\t\t\t<\/div>\n\t\t\t\t<section class=\"elementor-section elementor-top-section elementor-element elementor-element-1144fd5 elementor-section-boxed elementor-section-height-default elementor-section-height-default\" data-id=\"1144fd5\" data-element_type=\"section\">\n\t\t\t\t\t\t<div class=\"elementor-container elementor-column-gap-default\">\n\t\t\t\t\t<div class=\"elementor-column elementor-col-100 elementor-top-column elementor-element elementor-element-f15ab5e\" data-id=\"f15ab5e\" data-element_type=\"column\">\n\t\t\t<div class=\"elementor-widget-wrap elementor-element-populated\">\n\t\t\t\t\t\t<div class=\"elementor-element elementor-element-ce2cea5 elementor-widget elementor-widget-image-carousel\" data-id=\"ce2cea5\" data-element_type=\"widget\" data-settings=\"{&quot;slides_to_show&quot;:&quot;3&quot;,&quot;slides_to_show_tablet&quot;:&quot;4&quot;,&quot;slides_to_show_mobile&quot;:&quot;2&quot;,&quot;navigation&quot;:&quot;none&quot;,&quot;autoplay&quot;:&quot;yes&quot;,&quot;pause_on_hover&quot;:&quot;yes&quot;,&quot;pause_on_interaction&quot;:&quot;yes&quot;,&quot;autoplay_speed&quot;:5000,&quot;speed&quot;:500}\" data-widget_type=\"image-carousel.default\">\n\t\t\t\t<div class=\"elementor-widget-container\">\n\t\t\t\t\t\t\t<div class=\"elementor-image-carousel-wrapper swiper\" role=\"region\" aria-roledescription=\"carousel\" aria-label=\"Image Carousel\" dir=\"ltr\">\n\t\t\t<div class=\"elementor-image-carousel swiper-wrapper\" aria-live=\"off\">\n\t\t\t\t\t\t\t\t<div class=\"swiper-slide\" role=\"group\" aria-roledescription=\"slide\" aria-label=\"1 de 3\"><figure class=\"swiper-slide-inner\"><img decoding=\"async\" class=\"swiper-slide-image\" src=\"https:\/\/asipagac.com\/wp-content\/uploads\/2025\/02\/Familiasga_logo-01-e1740108068810.png\" alt=\"Familiasga_logo-01\" \/><\/figure><\/div><div class=\"swiper-slide\" role=\"group\" aria-roledescription=\"slide\" aria-label=\"2 de 3\"><figure class=\"swiper-slide-inner\"><img decoding=\"async\" class=\"swiper-slide-image\" src=\"https:\/\/asipagac.com\/wp-content\/uploads\/2025\/02\/465606573_547089671401350_5904910507662795866_n-150x150.jpg\" alt=\"465606573_547089671401350_5904910507662795866_n\" \/><\/figure><\/div><div class=\"swiper-slide\" role=\"group\" aria-roledescription=\"slide\" aria-label=\"3 de 3\"><figure class=\"swiper-slide-inner\"><img decoding=\"async\" class=\"swiper-slide-image\" src=\"https:\/\/asipagac.com\/wp-content\/uploads\/2025\/02\/inp_logo.png\" alt=\"inp_logo\" \/><\/figure><\/div>\t\t\t<\/div>\n\t\t\t\t\t\t\t\n\t\t\t\t\t\t\t\t\t<\/div>\n\t\t\t\t\t\t<\/div>\n\t\t\t\t<\/div>\n\t\t\t\t\t<\/div>\n\t\t<\/div>\n\t\t\t\t\t<\/div>\n\t\t<\/section>\n\t\t\t\t<\/div>","protected":false},"excerpt":{"rendered":"<p>Dra. Ericka Vargas Quevedo Inicio Dra. Ericka Vargas Quevedo Es M\u00e9dico Pediatra Internista (Instituto Nacional de Pediatr\u00eda) Maestria en Ciencias de la Salud y Especializacion en Investigaci\u00f3n (Instituto Polit\u00e9cnico Nacional) Master Universitario en Enfermedades Metabolicas Hereditarias (Universidad de Santiago de Compostela). Master en Enfermedades de Dep\u00f3sito Lisosomal (Unidad de Investigaci\u00f3n Traslacional, Instituto Aragon\u00e9s de Ciencias<\/p>","protected":false},"author":2,"featured_media":0,"parent":0,"menu_order":0,"comment_status":"closed","ping_status":"closed","template":"elementor_header_footer","meta":{"_acf_changed":false,"footnotes":""},"class_list":["post-2020","page","type-page","status-publish","hentry"],"acf":[],"_links":{"self":[{"href":"https:\/\/asipagac.com\/en\/wp-json\/wp\/v2\/pages\/2020","targetHints":{"allow":["GET"]}}],"collection":[{"href":"https:\/\/asipagac.com\/en\/wp-json\/wp\/v2\/pages"}],"about":[{"href":"https:\/\/asipagac.com\/en\/wp-json\/wp\/v2\/types\/page"}],"author":[{"embeddable":true,"href":"https:\/\/asipagac.com\/en\/wp-json\/wp\/v2\/users\/2"}],"replies":[{"embeddable":true,"href":"https:\/\/asipagac.com\/en\/wp-json\/wp\/v2\/comments?post=2020"}],"version-history":[{"count":4,"href":"https:\/\/asipagac.com\/en\/wp-json\/wp\/v2\/pages\/2020\/revisions"}],"predecessor-version":[{"id":2024,"href":"https:\/\/asipagac.com\/en\/wp-json\/wp\/v2\/pages\/2020\/revisions\/2024"}],"wp:attachment":[{"href":"https:\/\/asipagac.com\/en\/wp-json\/wp\/v2\/media?parent=2020"}],"curies":[{"name":"wp","href":"https:\/\/api.w.org\/{rel}","templated":true}]}}

<div data-elementor-type="wp-page" data-elementor-id="2020" class="elementor elementor-2020">
				<div class="elementor-element elementor-element-096f19f e-con-full e-flex e-con e-parent" data-id="096f19f" data-element_type="container">
				<div class="elementor-element elementor-element-8e30c5c el-align-center elementor-widget elementor-widget-dl_page_header" data-id="8e30c5c" data-element_type="widget" data-widget_type="dl_page_header.default">
				<div class="elementor-widget-container">
							<div class="el-page-header">
						<div class="container-fluid">
				<div class="el-ph-content">
					<h2>Dra. Ericka Vargas Quevedo</h2>															<ol class="breadcrumb-wrap">
						<li><a href="https://asipagac.com/en/">
						<i class="ti-home"></i>Home						</a></li>
						<li class="active">
						Dra. Ericka Vargas Quevedo						</li>
					</ol>
									</div>
			</div>
		</div>
						</div>
				</div>
				</div>
		<div class="elementor-element elementor-element-44a4c90 e-flex e-con-boxed e-con e-parent" data-id="44a4c90" data-element_type="container">
					<div class="e-con-inner">
		<div class="elementor-element elementor-element-cde6b19 e-con-full e-flex e-con e-child" data-id="cde6b19" data-element_type="container">
				<div class="elementor-element elementor-element-8c29792 elementor-widget elementor-widget-image" data-id="8c29792" data-element_type="widget" data-widget_type="image.default">
				<div class="elementor-widget-container">
															<img fetchpriority="high" decoding="async" width="785" height="1024" src="https://asipagac.com/wp-content/uploads/2025/05/Dra-Erika-Vargas-785x1024.jpg" class="attachment-large size-large wp-image-2009" alt="" srcset="https://asipagac.com/wp-content/uploads/2025/05/Dra-Erika-Vargas-785x1024.jpg 785w, https://asipagac.com/wp-content/uploads/2025/05/Dra-Erika-Vargas-230x300.jpg 230w, https://asipagac.com/wp-content/uploads/2025/05/Dra-Erika-Vargas-768x1002.jpg 768w, https://asipagac.com/wp-content/uploads/2025/05/Dra-Erika-Vargas-9x12.jpg 9w, https://asipagac.com/wp-content/uploads/2025/05/Dra-Erika-Vargas.jpg 828w" sizes="(max-width: 785px) 100vw, 785px" />															</div>
				</div>
				</div>
		<div class="elementor-element elementor-element-aadb564 e-con-full e-flex e-con e-child" data-id="aadb564" data-element_type="container">
				<div class="elementor-element elementor-element-facd52e elementor-widget elementor-widget-text-editor" data-id="facd52e" data-element_type="widget" data-widget_type="text-editor.default">
				<div class="elementor-widget-container">
									<p>Es Médico Pediatra Internista (Instituto Nacional de Pediatría)</p><p><br />Maestria en Ciencias de la Salud y Especializacion en Investigación (Instituto Politécnico Nacional)</p><p><br />Master Universitario en Enfermedades Metabolicas Hereditarias (Universidad de Santiago de Compostela).</p><p><br />Master en Enfermedades de Depósito Lisosomal (Unidad de Investigación Traslacional, Instituto Aragonés de Ciencias de la Salud, Madrid, España).<br />MPS, Fabry y Gaucher Disease (Training Certification of FYMCA Medical ltd, Panamá City (2017-2019).</p><p><br />Participa cómo speaker en diversos eventos científicos, cuenta con diversas publicaciones nacionales e internacionales y diversos capítulos en el area de las enfermedades raras y enfermedades metabólicas. Actualmente es Fundadora y Coordinadora de la Clínica de Errores Innatos del Metabolismo Pediátricos y Enfermedades Raras del ISSSTE a nivel nacional, dándole atención integral a este tipo de enfermedades.</p>								</div>
				</div>
				</div>
					</div>
				</div>
		<div class="elementor-element elementor-element-ff349e3 e-flex e-con-boxed e-con e-parent" data-id="ff349e3" data-element_type="container">
					<div class="e-con-inner">
					</div>
				</div>
				<section class="elementor-section elementor-top-section elementor-element elementor-element-1144fd5 elementor-section-boxed elementor-section-height-default elementor-section-height-default" data-id="1144fd5" data-element_type="section">
						<div class="elementor-container elementor-column-gap-default">
					<div class="elementor-column elementor-col-100 elementor-top-column elementor-element elementor-element-f15ab5e" data-id="f15ab5e" data-element_type="column">
			<div class="elementor-widget-wrap elementor-element-populated">
						<div class="elementor-element elementor-element-ce2cea5 elementor-widget elementor-widget-image-carousel" data-id="ce2cea5" data-element_type="widget" data-settings="{&quot;slides_to_show&quot;:&quot;3&quot;,&quot;slides_to_show_tablet&quot;:&quot;4&quot;,&quot;slides_to_show_mobile&quot;:&quot;2&quot;,&quot;navigation&quot;:&quot;none&quot;,&quot;autoplay&quot;:&quot;yes&quot;,&quot;pause_on_hover&quot;:&quot;yes&quot;,&quot;pause_on_interaction&quot;:&quot;yes&quot;,&quot;autoplay_speed&quot;:5000,&quot;speed&quot;:500}" data-widget_type="image-carousel.default">
				<div class="elementor-widget-container">
							<div class="elementor-image-carousel-wrapper swiper" role="region" aria-roledescription="carousel" aria-label="Image Carousel" dir="ltr">
			<div class="elementor-image-carousel swiper-wrapper" aria-live="off">
								<div class="swiper-slide" role="group" aria-roledescription="slide" aria-label="1 de 3"><figure class="swiper-slide-inner"><img decoding="async" class="swiper-slide-image" src="https://asipagac.com/wp-content/uploads/2025/02/Familiasga_logo-01-e1740108068810.png" alt="Familiasga_logo-01" /></figure></div><div class="swiper-slide" role="group" aria-roledescription="slide" aria-label="2 de 3"><figure class="swiper-slide-inner"><img decoding="async" class="swiper-slide-image" src="https://asipagac.com/wp-content/uploads/2025/02/465606573_547089671401350_5904910507662795866_n-150x150.jpg" alt="465606573_547089671401350_5904910507662795866_n" /></figure></div><div class="swiper-slide" role="group" aria-roledescription="slide" aria-label="3 de 3"><figure class="swiper-slide-inner"><img decoding="async" class="swiper-slide-image" src="https://asipagac.com/wp-content/uploads/2025/02/inp_logo.png" alt="inp_logo" /></figure></div>			</div>
							
									</div>
						</div>
				</div>
					</div>
		</div>
					</div>
		</section>
				</div>

<p>Dra. Ericka Vargas Quevedo Inicio Dra. Ericka Vargas Quevedo Es Médico Pediatra Internista (Instituto Nacional de Pediatría) Maestria en Ciencias de la Salud y Especializacion en Investigación (Instituto Politécnico Nacional) Master Universitario en Enfermedades Metabolicas Hereditarias (Universidad de Santiago de Compostela). Master en Enfermedades de Depósito Lisosomal (Unidad de Investigación Traslacional, Instituto Aragonés de Ciencias</p>
